by 12.
8
Calculate the remainder when 7518 is divided by 2500.
18
Calculate the remainder when 44402 is divided by 516.
26
What is the remainder when 8737 is divided by 205?
127
Calculate the remainder when 553434 is divided by 27.
15
What is the remainder when 1478 is divided by 59?
3
Calculate the remainder when 8547 is divided by 8319.
228
What is the remainder when 20995 is divided by 53?
7
What is the remainder when 65790 is divided by 6572?
70
Calculate the remainder when 633 is divided by 293.
47
What is the remainder when 3893 is divided by 3845?
48
What is the remainder when 8386 is divided by 281?
237
Calculate the remainder when 37606 is divided by 8.
6
What is the remainder when 155990 is divided by 31?
29
Calculate the remainder when 116947 is divided by 45.
37
What is the remainder when 2528 is divided by 68?
12
Calculate the remainder when 3515 is divided by 18.
5
Calculate the remainder when 161051 is divided by 16105.
1
Calculate the remainder when 164592 is divided by 265.
27
What is the remainder when 420430 is divided by 6?
4
What is the remainder when 15448 is divided by 15440?
8
Calculate the remainder when 1395 is divided by 557.
281
Calculate the remainder when 10207 is divided by 10207.
0
What is the remainder when 2726 is divided by 216?
134
What is the remainder when 5667 is divided by 69?
9
What is the remainder when 145932 is divided by 15?
12
Calculate the remainder when 1183319 is divided by 228.
227
What is the remainder when 275715 is divided by 458?
457
What is the remainder when 34773 is divided by 11571?
60
What is the remainder when 12769 is divided by 633?
109
What is the remainder when 4409 is divided by 30?
29
Calculate the remainder when 56319 is divided by 320.
319
Calculate the remainder when 59975 is divided by 645.
635
What is the remainder when 4398 is divided by 855?
123
Calculate the remainder when 25985 is divided by 18.
11
What is the remainder when 15641 is divided by 707?
87
Calculate the remainder when 7027 is divided by 6.
1
What is the remainder when 492337 is divided by 492301?
36
Calculate the remainder when 2303 is divided by 32.
31
What is the remainder when 39224 is divided by 3254?
176
What is the remainder when 83845 is divided by 371?
370
Calculate the remainder when 23060 is divided by 23057.
3
Calculate the remainder when 9927537 is divided by 30.
27
Calculate the remainder when 28013 is divided by 99.
95
What is the remainder when 33191 is divided by 12?
11
Calculate the remainder when 1434309 is divided by 4781.
9
What is the remainder when 13164 is divided by 6555?
54
Calculate the remainder when 8496 is divided by 340.
336
Calculate the remainder when 1115 is divided by 187.
180
What is the remainder when 472 is divided by 323?
149
Calculate the remainder when 33350 is divided by 8.
6
Calculate the remainder when 23230 is divided by 6.
4
What is the remainder when 45439 is divided by 640?
639
Calculate the remainder when 18763 is divided by 1860.
163
Calculate the remainder when 2645371 is divided by 1487.
1485
Calculate the remainder when 1028 is divided by 604.
424
What is the remainder when 923 is divided by 423?
77
What is the remainder when 214985 is divided by 52?
17
Calculate the remainder when 38721 is divided by 74.
19
Calculate the remainder when 8060 is divided by 396.
140
Calculate the remainder when 1050 is divided by 884.
166
What is the remainder when 26432 is divided by 26?
16
Calculate the remainder when 1445 is divided by 1425.
20
Calculate the remainder when 71452 is divided by 803.
788
What is the remainder when 34094 is divided by 11359?
17
Calculate the remainder when 190315 is divided by 59.
40
What is the remainder when 125513 is divided by 396?
377
Calculate the remainder when 19897 is divided by 1245.
1222
Calculate the remainder when 48033 is divided by 48022.
11
Calculate the remainder when 40556 is divided by 65.
61
Calculate the remainder when 1832286 is divided by 20.
6
Calculate the remainder when 2793 is divided by 3.
0
What is the remainder when 168056 is divided by 151?
144
What is the remainder when 43400 is divided by 8667?
65
What is the remainder when 26928 is divided by 26917?
11
What is the remainder when 31720 is divided by 3171?
10
Calculate the remainder when 148908 is divided by 10.
8
Calculate the remainder when 34914 is divided by 8.
2
What is the remainder when 115071 is divided by 2950?
21
Calculate the remainder when 24078 is divided by 2359.
488
What is the remainder when 18542 is divided by 6096?
254
What is the remainder when 2675 is divided by 657?
47
Calculate the remainder when 1859 is divided by 46.
19
Calculate the remainder when 1055045 is divided by 99.
2
Calculate the remainder when 91523 is divided by 35.
33
Calculate the remainder when 17942 is divided by 115.
2
Calculate the remainder when 1193009 is divided by 910.
909
Calculate the remainder when 384058 is divided by 10.
8
What is the remainder when 21775 is divided by 520?
455
What is the remainder when 1032 is divided by 239?
76
What is the remainder when 1168165 is divided by 1001?
999
What is the remainder when 1433 is divided by 126?
47
What is the remainder when 29308 is divided by 91?
6
Calculate the remainder when 8033 is divided by 894.
881
Calculate the remainder when 2484103 is divided by 828033.
4
What is the remainder when 9137 is divided by 46?
29
Calculate the remainder when 94575 is divided by 92.
91
What is the remainder when 723 is divided by 143?
8
What is the remainder when 113193 is divided by 28298?
1
What is the remainder when 6457 is divided by 556?
341
Calculate the remainder when 3936 is divided by 918.
264
What is the remainder when 32918 is divided by 177?
173
Calculate the remainder when 1405370 is divided by 229.
226
What is the remainder when 171198 is divided by 32?
30
What is the remainder when 24072 is divided by 52?
48
Calculate the remainder when 253559 is divided by 407.
405
What is the remainder when 1623 is divided by 401?
19
What is the remainder when 139942 is divided by 408?
406
What is the remainder when 332320 is divided by 9774?
4
What is the remainder when 4670 is divided by 485?
305
Calculate the remainder when 2080 is divided by 996.
88
What is the remainder when 226344 is divided by 29?
28
Calculate the remainder when 49200 is divided by 11.
8
Calculate the remainder when 39162 is divided by 9776.
58
Calculate the remainder when 10109 is divided by 43.
4
Calculate the remainder when 15839 is divided by 5269.
32
Calculate the remainder when 35142 is divided by 582.
222
What is the remainder when 20500 is divided by 32?
20
What is the remainder when 69138 is divided by 52?
30
What is the remainder when 1379 is divided by 1374?
5
Calculate the remainder when 4660 is divided by 465.
10
Calculate the remainder when 1074 is divided by 51.
3
What is the remainder when 4054 is divided by 24?
22
What is the remainder when 2572 is divided by 153?
124
Calculate the remainder when 9858973 is divided by 16.
13
What is the remainder when 18427 is divided by 196?
3
What is the remainder when 277244 is divided by 505?
504
Calculate the remainder when 457351 is divided by 86.
3
Calculate the remainder when 97006 is divided by 674.
624
What is the remainder when 9775 is divided by 119?
17
Calculate the remainder when 3181 is divided by 297.
211
What is the remainder when 4006 is divided by 263?
61
What is the remainder when 47998 is divided by 15997?
7
Calculate the remainder when 905 is divided by 754.
151
Calculate the remainder when 1585 is divided by 23.
21
Calculate the remainder when 11487 is divided by 2866.
23
Calculate the remainder when 5878 is divided by 346.
342
Calculate the remainder when 762202 is divided by 49.
7
Calculate the remainder when 3150 is divided by 255.
90
Calculate the remainder when 17981 is divided by 32.
29
Calculate the remainder when 3466196 is divided by 111.
110
Calculate the remainder when 450409 is divided by 4504.
9
What is the remainder when 33218 is divided by 905?
638
What is the remainder when 7962 is divided by 110?
42
What is the remainder when 392171 is divided by 98039?
15
Calculate the remainder when 58706 is divided by 29344.
18
What is the remainder when 17452 is divided by 32